4510532
What is -6236118 (base 9) in base 4?
-30231031103
What is -151a68 (base 12) in base 15?
-70625
What is -616002 (base 8) in base 12?
-99b16
Convert 1b70d (base 16) to base 4.
123130031
What is -3b0bdb (base 14) in base 4?
-13301221331
Convert -108621 (base 11) to base 7.
-1315523
What is 3cb9d4 (base 14) in base 6?
113052434
-101175 (base 12) to base 9
-422018
814346 (base 9) to base 6
14200110
What is 1101111000110100011 (base 2) in base 5?
104030300
Convert 2731516 (base 10) to base 7.
32134414
Convert 1000110100101011000 (base 2) to base 10.
289112
-678eae (base 16) to base 15
-8e0d3e
-1144252 (base 6) to base 10
-60584
-110111120 (base 4) to base 15
-19a28
What is -1223213112 (base 4) in base 13?
-12582c
-1000100001010010010 (base 2) to base 7
-2241645
What is -278826 (base 9) in base 12?
-82829
22550 (base 10) to base 4
11200112
b424 (base 13) to base 11
17762
-24ca28 (base 15) to base 2
-110101110101011000110
What is -6162361 (base 9) in base 4?
-30202323301
What is 104132131 (base 6) in base 5?
440102031
322033 (base 15) to base 4
21012203331
What is 131416 (base 9) in base 4?
103132320
What is -206217 (base 8) in base 14?
-1b0ab
What is -100011111100101100111 (base 2) in base 7?
-13004166
1938d9 (base 16) to base 5
410343303
What is 4849a (base 11) in base 16?
110ad
Convert -20101011110 (base 3) to base 4.
-132221010
What is -22140004 (base 5) in base 8?
-571151
What is 1763347 (base 9) in base 5?
223032443
20772 (base 8) to base 14
3254
Convert 102303100 (base 6) to base 12.
727a90
175375 (base 12) to base 13
111662
Convert -1002121010121 (base 3) to base 14.
-112440
What is 15133211 (base 7) in base 14?
295941
-10140202 (base 5) to base 9
-136853
10012130333 (base 4) to base 11
67473a
What is 778721 (base 11) in base 3?
2100001211101
What is -10000101111010001100 (base 2) in base 9?
-1025345
Convert 1101100001110100101 (base 2) to base 16.
6c3a5
Convert -9a28cd (base 14) to base 6.
-304045205
Convert -10000000011110000101 (base 2) to base 15.
-a5dad
Convert 1101011000100001110010 (base 2) to base 6.
203110150
What is -a8a (base 15) in base 7?
-6640
-110011000010010111110 (base 2) to base 14
-31767c
-10122220212001 (base 3) to base 4
-13123112230
What is -330011230 (base 5) in base 9?
-2574115
Convert -21523445 (base 6) to base 2.
-10011110011001110101
-44400450 (base 6) to base 11
-833aa2
130332023 (base 4) to base 3
20000210002
What is 364014 (base 9) in base 11?
13a963
-178d2 (base 15) to base 6
-1344555
What is -323704 (base 12) in base 5?
-200403124
What is -370996 (base 16) in base 7?
-42441562
Convert 3404030420 (base 5) to base 13.
17216cb
101200120121212 (base 3) to base 7
66165020
What is -1648373 (base 9) in base 8?
-3401150
What is -49171 (base 12) in base 7?
-560554
Convert -321410230 (base 5) to base 12.
-555324
3da80 (base 15) to base 12
967a0
What is 60aa8 (base 13) in base 15?
364b4
84767 (base 10) to base 11
58761
Convert -1010000010110010100101 (base 2) to base 6.
-132233113
What is -5284615 (base 10) in base 11?
-2a8a456
930551 (base 10) to base 7
10623656
104011202 (base 6) to base 14
3689a2
-5104333 (base 8) to base 2
-101001000100011011011
What is 312103534 (base 6) in base 15?
721217
What is 130b91b (base 15) in base 8?
64225226
Convert 34008476 (base 9) to base 12.
5629680
Convert 310230330 (base 4) to base 9.
358103
What is 5f83f0 (base 16) in base 12?
211a614
-243323 (base 6) to base 13
-9a35
Convert 312103040 (base 6) to base 11.
3072598
aaba6 (base 13) to base 12
12b19b
What is 23d02a (base 15) in base 5?
414331130
Convert 5566201 (base 7) to base 10.
688843
Convert 593421 (base 11) to base 3.
1202211112021
What is 325ee8 (base 15) in base 12?
978802
Convert 100026116 (base 7) to base 4.
112001013023
-204504050 (base 6) to base 4
-31223121132
Convert 3220101 (base 5) to base 10.
54401
What is -3403204412 (base 5) in base 11?
-4246597
-200310332 (base 4) to base 12
-65992
What is -164044534 (base 7) in base 14?
-16b331b
Convert -30213301 (base 5) to base 10.
-241701
Convert -1010000000001001010011 (base 2) to base 8.
-12001123
Convert 424130 (base 6) to base 16.
8736
What is 11011000010000100 (base 2) in base 15?
22c19
What is -432102215 (base 6) in base 9?
-15364332
Convert -1111011000001000001110 (base 2) to base 4.
-33120020032
Convert 2546262 (base 7) to base 3.
121211020100
-1a24dbb (base 15) to base 16
-1237a12
What is -99367 (base 12) in base 16?
-317bf
Convert 9032095 (base 10) to base 11.
5109a46
What is 1a22930 (base 11) in base 8?
15016141
Convert -2306 (base 15) to base 5.
-214211
What is 1198309 (base 10) in base 8?
4444345
254242 (base 8) to base 2
10101100010100010
36401663 (base 7) to base 11
1916655
24424403 (base 5) to base 16
38e8f
Convert -521984 (base 13) to base 8.
-7240745
What is 21112012111022 (base 3) in base 2?
1111010000011110100101
What is 110422 (base 5) in base 4?
330112
Convert -3330 (base 13) to base 2.
-1101111100001
What is 225833 (base 9) in base 5?
13314133
-10312215 (base 6) to base 8
-1123663
Convert -217600 (base 10) to base 7.
-1564255
-13233223 (base 5) to base 4
-200212323
What is 110011121201 (base 3) in base 5?
30131223
Convert -1c9fd (base 16) to base 10.
-117245
Convert -17436a (base 12) to base 9.
-671561
-243581 (base 9) to base 11
-a04a3
Convert -4320032 (base 5) to base 10.
-73142
Convert -3ddb7 (base 15) to base 6.
-4132331
Convert -22bb0 (base 15) to base 4.
-123000300
-254eb (base 16) to base 15
-30426
What is -225055130 (base 6) in base 16?
-3f79fe
291ee (base 15) to base 13
48167
What is 1011044103 (base 5) in base 3?
10212010221100
502445132 (base 6) to base 3
121001022100002
Convert -2ab87 (base 15) to base 10.
-137602
Convert 1101010110001001111000 (base 2) to base 15.
491961
4148078 (base 9) to base 16
21d400
-111000001100011001 (base 2) to base 16
-38319
-11130100 (base 4) to base 14
-81a0
What is 5198b (base 14) in base 4?
300001213
2045454 (base 6) to base 9
161747
What is -3572661 (base 9) in base 14?
-386126
4153183 (base 10) to base 9
7730077
-1633595 (base 11) to base 7
-32453612
Convert 22000121022211 (base 3) to base 7.
51144553
-2110412100 (base 5) to base 13
-ba85b3
-4d7035 (base 15) to base 5
-1423004200
Convert a9b4 (base 12) to base 5.
1044322
Convert 2012110031 (base 4) to base 14.
1046cd
Convert 31c1c (base 13) to base 9.
146325
What is -46b66 (base 14) in base 13?
-605c7
Convert 100376 (base 9) to base 8.
163741
Convert -988110 (base 14) to base 7.
-61641420
What is 238776 (base 10) in base 11?
15343a
Convert -97514 (base 10) to base 14.
-27774
What is -204302011 (base 5) in base 12?
-351a31
100021020011 (base 3) to base 4
230202100
10101100010100111 (base 2) to base 3
11111000211
189149a (base 12) to base 15
6c0891
Convert 344203 (base 5) to base 3.
122001022
What is -1a7a3 (base 12) in base 5?
-2223042
Convert 313532143 (base 6) to base 7.
64523601
What is -5c88a (base 13) in base 4?
-221222023
What is 162321 (base 9) in base 13?
36769
Convert -111001011101001011 (base 2) to base 3.
-102221211021
Convert 23534b (base 13) to base 11.
523a77
What is 544463 (base 11) in base 3?
1122011222222
What is 4890b9 (base 12) in base 15?
183aa9
-2011210111220 (base 3) to base 12
-479896
Convert 523917 (base 12) to base 10.
1292131
213133231 (base 4) to base 6
3244541
-6067710 (base 8) to base 9
-3010732
What is -110202122 (base 4) in base 15?
-19dd2
1110111011010011101000 (base 2) to base 10
3912936
Convert 872bc8 (base 13) to base 3.
12222101121010
Convert 2608101 (base 9) to base 16.
15b6f2
-110200110 (base 4) to base 7
-466602
What is -110100011101101010110 (base 2) in base 9?
-3210170
What is 238373 (base 12) in base 5?
121333330
-6d91a (base 14) to base 6
-5424312
Convert 56552342 (base 7) to base 11.
2860943
26557 (base 9) to base 15
54bd
What is 93c49 (base 13) in base 11?
171712
What is 2498d (base 16) in base 8?
444615
What is 212212110211 (base 3) in base 6?
14023034
-634742 (base 9) to base 14
-9b802
11456088 (base 10) to base 7
166242450
What is 640387 (base 9) in base 11?
240167
Convert -2b7bc8 (base 15) to base 8.
-10011231
What is 7d1732 (base 15) in base 4?
112303221323
Convert -1490257 (base 12) to base 5.
-2031341131
-334414452 (base 6) to base 3
-102110211212112
4026125 (base 7) to base 4
1310211110
What is -515